{"id":91,"date":"2023-11-27T13:30:31","date_gmt":"2023-11-27T12:30:31","guid":{"rendered":"https:\/\/outils.appa.asso.fr\/?post_type=product&#038;p=91"},"modified":"2025-01-24T14:19:18","modified_gmt":"2025-01-24T13:19:18","slug":"affiche-notre-environnement-mon-bebe-sa-sante-hdf","status":"publish","type":"product","link":"https:\/\/outils.appa.asso.fr\/?product=affiche-notre-environnement-mon-bebe-sa-sante-hdf","title":{"rendered":"Affiche \u00ab\u00a0Notre environnement, mon b\u00e9b\u00e9, sa sant\u00e9\u00a0\u00bb (Interne)"},"content":{"rendered":"","protected":false},"excerpt":{"rendered":"","protected":false},"featured_media":46,"comment_status":"open","ping_status":"closed","template":"","meta":[],"product_cat":[21],"product_tag":[],"class_list":{"0":"post-91","1":"product","2":"type-product","3":"status-publish","4":"has-post-thumbnail","6":"product_cat-perinat","8":"first","9":"instock","10":"shipping-taxable","11":"purchasable","12":"product-type-variable","13":"has-default-attributes"},"_links":{"self":[{"href":"https:\/\/outils.appa.asso.fr\/index.php?rest_route=\/wp\/v2\/product\/91","targetHints":{"allow":["GET"]}}],"collection":[{"href":"https:\/\/outils.appa.asso.fr\/index.php?rest_route=\/wp\/v2\/product"}],"about":[{"href":"https:\/\/outils.appa.asso.fr\/index.php?rest_route=\/wp\/v2\/types\/product"}],"replies":[{"embeddable":true,"href":"https:\/\/outils.appa.asso.fr\/index.php?rest_route=%2Fwp%2Fv2%2Fcomments&post=91"}],"wp:featuredmedia":[{"embeddable":true,"href":"https:\/\/outils.appa.asso.fr\/index.php?rest_route=\/wp\/v2\/media\/46"}],"wp:attachment":[{"href":"https:\/\/outils.appa.asso.fr\/index.php?rest_route=%2Fwp%2Fv2%2Fmedia&parent=91"}],"wp:term":[{"taxonomy":"product_cat","embeddable":true,"href":"https:\/\/outils.appa.asso.fr\/index.php?rest_route=%2Fwp%2Fv2%2Fproduct_cat&post=91"},{"taxonomy":"product_tag","embeddable":true,"href":"https:\/\/outils.appa.asso.fr\/index.php?rest_route=%2Fwp%2Fv2%2Fproduct_tag&post=91"}],"curies":[{"name":"wp","href":"https:\/\/api.w.org\/{rel}","templated":true}]}}